mine f(11).
-41
Let p(x) = 1756*x + 70246. Give p(-40).
6
Let r(i) = -143782*i - 2731845. What is r(-19)?
13
Let u(s) = -s**3 - 42*s**2 + 127*s - 318. Calculate u(-45).
42
Let h(d) = -939*d - 9662. Give h(-7).
-3089
Let k(c) = -3*c**3 + 87*c**2 - 60*c + 1201. What is k(29)?
-539
Let m(c) = -166*c + 5977. Determine m(32).
665
Let l(p) = p**2 - 32615*p + 65234. What is l(2)?
8
Let f(n) = 355*n - 7657. Determine f(22).
153
Let r(t) = t**2 - 609*t + 11861. Calculate r(20).
81
Let x(l) = -2*l**3 + 127*l**2 + 80*l - 1177. Calculate x(64).
-153
Let t(i) = -i**3 + 89*i**2 + 185*i + 9098. Calculate t(92).
726
Let r(c) = 1261*c**2 - 146*c - 144. Determine r(-1).
1263
Let s(t) = 40*t**2 + 32*t + 155. Determine s(-4).
667
Let v(a) = a**3 + 69*a**2 + 1123*a - 1444. Determine v(-40).
36
Let d(t) = -172*t - 10756. Calculate d(-47).
-2672
Let m(b) = b**3 + b**2 - 59*b - 88. Calculate m(8).
16
Let x(b) = -20*b - 3658. Calculate x(-185).
42
Let f(z) = -70*z**3 + 920*z**2 - 264*z + 1748. What is f(13)?
6
Let t(x) = -x**3 + 19*x**2 + 191*x - 3418. What is t(18)?
344
Let p(x) = -2*x**3 - 340*x**2 + 242*x - 17071. What is p(-171)?
29
Let v(q) = -q**2 - 38861*q - 7732202. Calculate v(-200).
-2
Let c(w) = 7*w**2 + 90*w - 2472. Calculate c(16).
760
Let a(z) = z**2 + 116*z + 4939. Calculate a(-37).
2016
Let d(h) = h**3 - 46*h**2 - 383*h - 6107. Determine d(55).
53
Let r(g) = 17*g**2 - 135*g + 534. What is r(4)?
266
Let a(y) = -262*y**2 + 2348*y + 34. Determine a(9).
-56
Let s(r) = -2*r**3 - 504*r**2 - 502*r + 52. What is s(-251)?
52
Let i(o) = -199*o - 827. Give i(15).
-3812
Let u(n) = -10*n**2 - 1985*n - 19738. Determine u(-188).
2
Let d(x) = x**2 + 398*x + 1971. Give d(-5).
6
Let s(v) = -1847*v + 699898. Calculate s(379).
-115
Let p(j) = 53434*j + 320625. Give p(-6).
21
Let w(f) = -2350*f + 11716. Calculate w(5).
-34
Let n(d) = 211*d - 648. Determine n(-8).
-2336
Let c(i) = 4281*i - 55634. Calculate c(13).
19
Let p(z) = 9*z**3 - 2*z**2 + 130*z + 474. Determine p(-4).
-654
Let x(u) = u**3 - 135*u**2 + 880*u - 178569. Calculate x(138).
3
Let a(l) = -33419*l + 1136239. What is a(34)?
-7
Let d(c) = -7*c**2 + 896*c + 13894. Determine d(-14).
-22
Let j(f) = -40*f**2 - 36*f + 1089. Determine j(6).
-567
Let m(v) = -v**2 - 404*v - 3164. Give m(-396).
4
Let q(h) = -6*h**2 + 1639*h - 9. Give q(0).
-9
Let l(n) = 6516117*n - 19548362. Calculate l(3).
-11
Let b(t) = -12*t**3 + 82*t**2 + 3*t - 47. Determine b(7).
-124
Let u(h) = h**3 - 12*h**2 - 687*h - 694. What is u(33)?
-496
Let a(d) = 883*d**3 + 63*d**2 - 62*d - 3. Give a(1).
881
Let r(n) = n**2 + 2010*n - 202193. What is r(96)?
-17
Let f(o) = -72856*o - 291481. Calculate f(-4).
-57
Let f(h) = 37383*h - 1009337. Determine f(27).
4
Let p(b) = 924*b - 71050. Calculate p(77).
98
Let s(x) = x**2 - 6091*x - 103701. What is s(-17)?
135
Let f(l) = 23*l**2 - 10*l - 34. Give f(-1).
-1
Let y(x) = x**3 - 103*x**2 - 3526*x + 2086. Calculate y(130).
6
Let v(l) = -323*l - 20762. Calculate v(-63).
-413
Let z(c) = -5*c**2 + 609*c + 999. Calculate z(120).
2079
Let z(v) = 2*v**3 + 171*v**2 + 2059*v + 479. Determine z(-14).
-319
Let m(d) = 110698*d + 7. What is m(0)?
7
Let s(i) = -3*i**3 - 982*i**2 - 1150*i - 269108. Calculate s(-327).
13
Let v(b) = -1394*b - 91470. Determine v(-66).
534
Let i(g) = -12485*g + 224748. Calculate i(18).
18
Let i(k) = -k**3 - k**2 + 158*k - 536. What is i(4)?
16
Let v(f) = 9*f + 34. Calculate v(0).
34
Let j(o) = 257022*o - 771059. Calculate j(3).
7
Let a(o) = o**2 + 128*o - 280. Calculate a(-84).
-3976
Let w(x) = -31*x**2 - 39*x - 254. Give w(-6).
-1136
Let d(f) = 25680*f - 128362. What is d(5)?
38
Let w(q) = q**3 - 9*q**2 - 584*q - 16. Determine w(29).
-132
Let i(t) = 63*t**2 - 100*t + 45. Calculate i(1).
8
Let u(y) = y**3 - 230*y**2 - 150791*y + 2601. Calculate u(-290).
-9
Let l(s) = -s**3 + 16*s**2 + 239*s + 806. Give l(26).
260
Let q(y) = 954*y**2 - 101*y - 100. Calculate q(-1).
955
Let f(t) = t**2 + 49413*t + 5374133. Give f(-109).
-3
Let r(q) = 238669*q + 1909389. Give r(-8).
37
Let k(a) = 23*a**2 + 8602*a - 2. Give k(-374).
-2
Let m(x) = 2*x**3 - 138*x**2 + 2174*x - 188. Calculate m(24).
148
Let v(c) = c**3 - 287*c**2 - 61*c + 99223. What is v(286)?
-19
Let g(p) = -7251*p - 43129. Give g(-6).
377
Let t(j) = -j**3 + 163*j**2 - 317*j - 1268. Calculate t(161).
-463
Let t(b) = 2*b**3 - 158*b**2 + 3244*b - 6356. Give t(43).
8
Let j(c) = c**3 - 48*c**2 + 315*c + 1388. Determine j(41).
2536
Let k(q) = 8*q**2 + 38*q - 246. Give k(6).
270
Let g(j) = 15589*j - 62804. Give g(4).
-448
Let f(r) = -122*r + 5294. Determine f(9).
4196
Let k(m) = m**3 + 557*m**2 + 9228*m + 25883. Give k(-540).
-37
Let p(w) = -w**2 + 2424*w + 51208. Calculate p(-21).
-137
Let m(t) = 426*t - 57998. Give m(136).
-62
Let d(r) = 14*r**3 + 211*r**2 + 47*r + 195. Calculate d(-15).
-285
Let c(p) = -5*p**3 + 8*p**2 + 5*p - 28. Calculate c(7).
-1316
Let o(y) = -y**3 - 56*y**2 - 188*y - 5003. Determine o(-54).
-683
Let n(r) = -244155*r - 976646. Determine n(-4).
-26
Let n(z) = -z**3 + 26*z**2 + 172*z - 4786. Calculate n(25).
139
Let z(q) = -q**2 - 947*q + 37851. What is z(38)?
421
Let w(v) = 89*v + 5298. Give w(-57).
225
Let h(b) = -67069*b + 1073093. Determine h(16).
-11
Let l(h) = 3*h**3 + 421*h**2 + 1795*h + 3703. Give l(-136).
31
Let j(g) = -2*g**3 - 264*g**2 - 11179*g - 1522171. Determine j(-133).
14
Let l(q) = -8*q**2 + 848*q - 982. Determine l(104).
682
Let d(x) = x**2 + 566*x + 67855. Calculate d(-172).
87
Let s(x) = 2*x**3 - 353*x**2 - 158*x - 3362. Give s(177).
1
Let x(f) = -7479*f**2 + 1525716*f - 5. Calculate x(204).
-5
Let n(t) = t**3 - 533*t**2 - 58232*t - 1290. Give n(-93).
12
Let q(u) = -2*u**2 + 6503*u - 45486. Calculate q(7).
-63
Let l(b) = b**3 - 72*b**2 - 1083*b + 30. What is l(-13)?
-256
Let u(a) = 191*a - 1723. Give u(15).
1142
Let b(l) = -2*l**3 + 1096*l**2 + 8856*l + 31. Determine b(-8).
351
Let s(d) = d**3 - 189*d**2 + 1249*d + 144. Calculate s(7).
-31
Let x(r) = -4*r**2 - 326*r + 19696. Determine x(-122).
-68
Let p(j) = 179639*j - 898248. Give p(5).
-53
Let j(y) = 7148*y - 143261. Calculate j(20).
-301
Let g(s) = s**3 - 77*s**2 + 1442*s - 1050. What is g(45)?
-960
Let k(o) = o**3 - 246*o**2 - 1821*o - 340. Calculate k(-7).
10
Let u(c) = 2*c**3 + 2*c**2 - 124*c + 81. Calculate u(7).
-3
Let h(l) = -3048*l + 6101. Give h(2).
5
Let b(z) = -3030*z - 590758. What is b(-195)?
92
Let r(k) = -6*k**2 + 352*k + 33454. Give r(-51).
-104
Let w(q) = 2*q**3 + 339*q**2 + 824*q - 1819. What is w(-167)?
18
Let l(u) = -u**3 + 41*u**2 - 99*u - 798. Determine l(37).
1015
Let a(q) = 322984*q - 2906867. What is a(9)?
-11
Let r(m) = 91*m**2 + 3721*m - 278. Calculate r(-41).
132
Let z(r) = 696*r + 112527. Give z(-161).
471
Let h(v) = -24*v**3 - 477*v**2 + 130*v + 1408. Determine h(-20).
8
Let r(w) = -91*w**2 + 2380*w - 68. Determine r(26).
296
Let h(n) = 15303*n - 76526. What is h(5)?
-11
Let f(a) = a**3 + 114*a**2 + 4*a - 58. What is f(-114)?
-514
Let l(m) = 11*m**2 - 89*m - 220. Determine l(-2).
2
Let h(a) = a**3 - 443*a**2 - 54719*a + 22722. What is h(-101)?
-3
Let u(d) = 15560*d - 18034036. Give u(1159).
4
Let u(v) = -v**3 - 132*v**2 - 384*v + 252. Determine u(-129).
-135
Let j(z) = 17*z**3 + 8335*z**2 + 2439*z - 5384. Determine j(-490).
6
Let k(m) = 543755*m + 2718799. Give k(-5).
24
Let d(l) = -40*l**2 - 5767*l + 4910. Give d(-145).
125
Let r(b) = -433*b - 323453. What is r(-747)?
-2
Let i(s) = -15*s**3 + 320*s**2 - 103*s - 20. What is i(21)?
22
Let t(q) = -q**2 + 63*q + 39943. Determine t(-170).
333
Let y(d) = 2*d**2 - 567*d + 24257. Determine y(231).
2
Let m(j) = -2*j**3 - 34*j**2 + 186*j - 576. Determine m(-22).
172
Let s(u) = 4071*u + 24511. Give s(-6).
85
Let g(t) = -12*t**2 + 1431*t - 14235. Calculate g(10).
-1125
Let q(g) = -525*g**2 + 63*g + 7. Calculate q(-1).
-581
Let k(u) = -u**2 - 42*u - 646. Calculate k(-41).
-605
Let b(j) = -47*j**2 - 8068*j + 2811. What is b(-172)?
59
Let o(c) = -22*c**2 - 311*c + 3258. What is o(7)?
3
Let u(y) = 22*y**3 - 290*y**2 - 114*y + 2191. Give u(13).
33
Let x(c) = 363*c - 6722. What is x(23)?
1627
Let h(j) = -408*j + 14951. Determine h(36).
263
Let c(b) = -221*b + 10877. Determine c(49).
48
Let u(s) = 80*s**2 - 488*s + 4. Determine u(6).
-44
Let r(x) = -x**2 - 2448*x - 55739. Determine r(-23).
36
Let f